{"id":92,"date":"2025-04-18T08:51:14","date_gmt":"2025-04-18T08:51:14","guid":{"rendered":"https:\/\/adornosdelvalle.com\/?page_id=92"},"modified":"2025-04-18T09:05:18","modified_gmt":"2025-04-18T09:05:18","slug":"sobre-nosotros","status":"publish","type":"page","link":"https:\/\/adornosdelvalle.com\/index.php\/sobre-nosotros\/","title":{"rendered":"Sobre nosotros"},"content":{"rendered":"\t\t<div data-elementor-type=\"wp-post\" data-elementor-id=\"92\" class=\"elementor elementor-92\" data-elementor-settings=\"{&quot;element_pack_global_tooltip_width&quot;:{&quot;unit&quot;:&quot;px&quot;,&quot;size&quot;:&quot;&quot;,&quot;sizes&quot;:[]},&quot;element_pack_global_tooltip_width_tablet&quot;:{&quot;unit&quot;:&quot;px&quot;,&quot;size&quot;:&quot;&quot;,&quot;sizes&quot;:[]},&quot;element_pack_global_tooltip_width_mobile&quot;:{&quot;unit&quot;:&quot;px&quot;,&quot;size&quot;:&quot;&quot;,&quot;sizes&quot;:[]},&quot;element_pack_global_tooltip_padding&quot;:{&quot;unit&quot;:&quot;px&quot;,&quot;top&quot;:&quot;&quot;,&quot;right&quot;:&quot;&quot;,&quot;bottom&quot;:&quot;&quot;,&quot;left&quot;:&quot;&quot;,&quot;isLinked&quot;:true},&quot;element_pack_global_tooltip_padding_tablet&quot;:{&quot;unit&quot;:&quot;px&quot;,&quot;top&quot;:&quot;&quot;,&quot;right&quot;:&quot;&quot;,&quot;bottom&quot;:&quot;&quot;,&quot;left&quot;:&quot;&quot;,&quot;isLinked&quot;:true},&quot;element_pack_global_tooltip_padding_mobile&quot;:{&quot;unit&quot;:&quot;px&quot;,&quot;top&quot;:&quot;&quot;,&quot;right&quot;:&quot;&quot;,&quot;bottom&quot;:&quot;&quot;,&quot;left&quot;:&quot;&quot;,&quot;isLinked&quot;:true},&quot;element_pack_global_tooltip_border_radius&quot;:{&quot;unit&quot;:&quot;px&quot;,&quot;top&quot;:&quot;&quot;,&quot;right&quot;:&quot;&quot;,&quot;bottom&quot;:&quot;&quot;,&quot;left&quot;:&quot;&quot;,&quot;isLinked&quot;:true},&quot;element_pack_global_tooltip_border_radius_tablet&quot;:{&quot;unit&quot;:&quot;px&quot;,&quot;top&quot;:&quot;&quot;,&quot;right&quot;:&quot;&quot;,&quot;bottom&quot;:&quot;&quot;,&quot;left&quot;:&quot;&quot;,&quot;isLinked&quot;:true},&quot;element_pack_global_tooltip_border_radius_mobile&quot;:{&quot;unit&quot;:&quot;px&quot;,&quot;top&quot;:&quot;&quot;,&quot;right&quot;:&quot;&quot;,&quot;bottom&quot;:&quot;&quot;,&quot;left&quot;:&quot;&quot;,&quot;isLinked&quot;:true}}\">\n\t\t\t\t<div class=\"elementor-element elementor-element-47ff6e2f e-flex e-con-boxed e-con e-parent\" data-id=\"47ff6e2f\" data-element_type=\"container\" data-settings=\"{&quot;background_background&quot;:&quot;classic&quot;}\">\n\t\t\t\t\t<div class=\"e-con-inner\">\n\t\t<div class=\"elementor-element elementor-element-5032a3a5 e-con-full e-flex e-con e-child\" data-id=\"5032a3a5\" data-element_type=\"container\">\n\t\t<div class=\"elementor-element elementor-element-4ec33d51 e-con-full e-flex e-con e-child\" data-id=\"4ec33d51\" data-element_type=\"container\">\n\t\t\t\t<div class=\"elementor-element elementor-element-2d47aae3 elementor-invisible elementor-widget elementor-widget-heading\" data-id=\"2d47aae3\" data-element_type=\"widget\" data-settings=\"{&quot;_animation_delay&quot;:&quot;0&quot;,&quot;_animation&quot;:&quot;fadeInLeft&quot;}\" data-widget_type=\"heading.default\">\n\t\t\t\t<div class=\"elementor-widget-container\">\n\t\t\t\t\t<h1 class=\"elementor-heading-title elementor-size-default\">Innovaci\u00f3n<\/h1>\t\t\t\t<\/div>\n\t\t\t\t<\/div>\n\t\t\t\t<div class=\"elementor-element elementor-element-1dbb3f59 elementor-invisible elementor-widget elementor-widget-heading\" data-id=\"1dbb3f59\" data-element_type=\"widget\" data-settings=\"{&quot;_animation_delay&quot;:&quot;0&quot;,&quot;_animation&quot;:&quot;fadeInRight&quot;}\" data-widget_type=\"heading.default\">\n\t\t\t\t<div class=\"elementor-widget-container\">\n\t\t\t\t\t<h1 class=\"elementor-heading-title elementor-size-default\">Precisi\u00f3n<\/h1>\t\t\t\t<\/div>\n\t\t\t\t<\/div>\n\t\t\t\t<div class=\"elementor-element elementor-element-6edce42e elementor-invisible elementor-widget elementor-widget-heading\" data-id=\"6edce42e\" data-element_type=\"widget\" data-settings=\"{&quot;_animation_delay&quot;:&quot;0&quot;,&quot;_animation&quot;:&quot;fadeInLeft&quot;}\" data-widget_type=\"heading.default\">\n\t\t\t\t<div class=\"elementor-widget-container\">\n\t\t\t\t\t<h1 class=\"elementor-heading-title elementor-size-default\">+ Dise\u00f1o<\/h1>\t\t\t\t<\/div>\n\t\t\t\t<\/div>\n\t\t\t\t<\/div>\n\t\t<div class=\"elementor-element elementor-element-4017e298 e-con-full e-flex e-con e-child\" data-id=\"4017e298\" data-element_type=\"container\">\n\t\t\t\t<div class=\"elementor-element elementor-element-11d699a7  ui-split-animate ui-splitby-chars elementor-widget elementor-widget-text-editor\" data-id=\"11d699a7\" data-element_type=\"widget\" data-settings=\"{&quot;ui_animate_split&quot;:&quot;ui-split-animate&quot;,&quot;ui_animate_split_style&quot;:&quot;fadeIn&quot;,&quot;ui_animate_split_by&quot;:&quot;chars&quot;}\" data-widget_type=\"text-editor.default\">\n\t\t\t\t<div class=\"elementor-widget-container\">\n\t\t\t\t\t\t\t\t\t<p><em data-start=\"786\" data-end=\"805\">Adornos del Valle<\/em> es una empresa especializada en el desarrollo de componentes y adornos para calzado, con m\u00e1s de 20 a\u00f1os de experiencia en el sector. Apostamos por la tecnolog\u00eda, la personalizaci\u00f3n y el dise\u00f1o como pilares fundamentales de nuestro trabajo.<\/p>\t\t\t\t\t\t\t\t<\/div>\n\t\t\t\t<\/div>\n\t\t\t\t<\/div>\n\t\t\t\t<\/div>\n\t\t<div class=\"elementor-element elementor-element-6193209e e-con-full e-flex e-con e-child\" data-id=\"6193209e\" data-element_type=\"container\">\n\t\t<div class=\"elementor-element elementor-element-700a22b6 e-con-full e-flex e-con e-child\" data-id=\"700a22b6\" data-element_type=\"container\">\n\t\t\t\t<div class=\"elementor-element elementor-element-785a3cf9 elementor-invisible elementor-widget elementor-widget-image-carousel\" data-id=\"785a3cf9\" data-element_type=\"widget\" data-settings=\"{&quot;slides_to_show&quot;:&quot;2&quot;,&quot;slides_to_show_mobile&quot;:&quot;2&quot;,&quot;navigation&quot;:&quot;none&quot;,&quot;image_spacing_custom&quot;:{&quot;unit&quot;:&quot;px&quot;,&quot;size&quot;:16,&quot;sizes&quot;:[]},&quot;_animation_delay&quot;:&quot;600&quot;,&quot;_animation&quot;:&quot;fadeInLeft&quot;,&quot;autoplay&quot;:&quot;yes&quot;,&quot;pause_on_hover&quot;:&quot;yes&quot;,&quot;pause_on_interaction&quot;:&quot;yes&quot;,&quot;autoplay_speed&quot;:5000,&quot;infinite&quot;:&quot;yes&quot;,&quot;speed&quot;:500,&quot;image_spacing_custom_tablet&quot;:{&quot;unit&quot;:&quot;px&quot;,&quot;size&quot;:&quot;&quot;,&quot;sizes&quot;:[]},&quot;image_spacing_custom_mobile&quot;:{&quot;unit&quot;:&quot;px&quot;,&quot;size&quot;:&quot;&quot;,&quot;sizes&quot;:[]}}\" data-widget_type=\"image-carousel.default\">\n\t\t\t\t<div class=\"elementor-widget-container\">\n\t\t\t\t\t\t\t<div class=\"elementor-image-carousel-wrapper swiper\" role=\"region\" aria-roledescription=\"carousel\" aria-label=\"Image Carousel\" dir=\"ltr\">\n\t\t\t<div class=\"elementor-image-carousel swiper-wrapper\" aria-live=\"off\">\n\t\t\t\t\t\t\t\t<div class=\"swiper-slide\" role=\"group\" aria-roledescription=\"slide\" aria-label=\"1 de 3\"><figure class=\"swiper-slide-inner\"><img decoding=\"async\" class=\"swiper-slide-image\" src=\"https:\/\/adornosdelvalle.com\/wp-content\/uploads\/2025\/04\/adornos-del-valle-nosotros.jpg\" alt=\"adornos del valle nosotros\" \/><\/figure><\/div><div class=\"swiper-slide\" role=\"group\" aria-roledescription=\"slide\" aria-label=\"2 de 3\"><figure class=\"swiper-slide-inner\"><img decoding=\"async\" class=\"swiper-slide-image\" src=\"https:\/\/adornosdelvalle.com\/wp-content\/uploads\/2025\/04\/sobre-nosotros-2.jpg\" alt=\"sobre nosotros 2\" \/><\/figure><\/div><div class=\"swiper-slide\" role=\"group\" aria-roledescription=\"slide\" aria-label=\"3 de 3\"><figure class=\"swiper-slide-inner\"><img decoding=\"async\" class=\"swiper-slide-image\" src=\"https:\/\/adornosdelvalle.com\/wp-content\/uploads\/2025\/04\/sobre-nosotros-adornos-del-valle.jpg\" alt=\"sobre nosotros adornos del valle\" \/><\/figure><\/div>\t\t\t<\/div>\n\t\t\t\t\t\t\t\n\t\t\t\t\t\t\t\t\t<\/div>\n\t\t\t\t\t\t<\/div>\n\t\t\t\t<\/div>\n\t\t\t\t<\/div>\n\t\t<div class=\"elementor-element elementor-element-44ce6f6a e-con-full e-flex elementor-invisible e-con e-child\" data-id=\"44ce6f6a\" data-element_type=\"container\" data-settings=\"{&quot;animation_delay&quot;:&quot;600&quot;,&quot;animation&quot;:&quot;fadeInRight&quot;}\">\n\t\t\t\t<div class=\"elementor-element elementor-element-281fcc6e elementor-widget elementor-widget-heading\" data-id=\"281fcc6e\" data-element_type=\"widget\" data-widget_type=\"heading.default\">\n\t\t\t\t<div class=\"elementor-widget-container\">\n\t\t\t\t\t<h3 class=\"elementor-heading-title elementor-size-default\">Sobre nosotros<\/h3>\t\t\t\t<\/div>\n\t\t\t\t<\/div>\n\t\t\t\t<div class=\"elementor-element elementor-element-571762d9 elementor-widget__width-initial elementor-widget-mobile__width-inherit elementor-widget elementor-widget-text-editor\" data-id=\"571762d9\" data-element_type=\"widget\" data-widget_type=\"text-editor.default\">\n\t\t\t\t<div class=\"elementor-widget-container\">\n\t\t\t\t\t\t\t\t\t<p>Desde Elda, uno de los epicentros del calzado en Europa, colaboramos estrechamente con dise\u00f1adores, marcas y fabricantes, aportando soluciones creativas que elevan la est\u00e9tica y la funcionalidad del producto final.<\/p>\t\t\t\t\t\t\t\t<\/div>\n\t\t\t\t<\/div>\n\t\t\t\t<div class=\"elementor-element elementor-element-52258518 elementor-widget elementor-widget-button\" data-id=\"52258518\" data-element_type=\"widget\" data-widget_type=\"button.default\">\n\t\t\t\t<div class=\"elementor-widget-container\">\n\t\t\t\t\t\t\t\t\t<div class=\"elementor-button-wrapper\">\n\t\t\t\t\t<a class=\"elementor-button elementor-size-sm\" role=\"button\">\n\t\t\t\t\t\t<span class=\"elementor-button-content-wrapper\">\n\t\t\t\t\t\t\t\t\t<span class=\"elementor-button-text\">Contacto<\/span>\n\t\t\t\t\t<\/span>\n\t\t\t\t\t<\/a>\n\t\t\t\t<\/div>\n\t\t\t\t\t\t\t\t<\/div>\n\t\t\t\t<\/div>\n\t\t\t\t<\/div>\n\t\t\t\t<\/div>\n\t\t\t\t\t<\/div>\n\t\t\t\t<\/div>\n\t\t<div class=\"elementor-element elementor-element-4a306589 e-flex e-con-boxed e-con e-parent\" data-id=\"4a306589\" data-element_type=\"container\" data-settings=\"{&quot;background_background&quot;:&quot;classic&quot;}\">\n\t\t\t\t\t<div class=\"e-con-inner\">\n\t\t<div class=\"elementor-element elementor-element-7ba412df e-con-full e-flex e-con e-child\" data-id=\"7ba412df\" data-element_type=\"container\">\n\t\t<div class=\"elementor-element elementor-element-25ddb6c9 e-con-full e-flex e-con e-child\" data-id=\"25ddb6c9\" data-element_type=\"container\">\n\t\t\t\t<div class=\"elementor-element elementor-element-5eaa050d elementor-widget elementor-widget-heading\" data-id=\"5eaa050d\" data-element_type=\"widget\" data-widget_type=\"heading.default\">\n\t\t\t\t<div class=\"elementor-widget-container\">\n\t\t\t\t\t<h6 class=\"elementor-heading-title elementor-size-default\">Nuestros productos incluyen:<\/h6>\t\t\t\t<\/div>\n\t\t\t\t<\/div>\n\t\t\t\t<\/div>\n\t\t\t\t<div class=\"elementor-element elementor-element-76776bfb elementor-widget elementor-widget-button\" data-id=\"76776bfb\" data-element_type=\"widget\" data-widget_type=\"button.default\">\n\t\t\t\t<div class=\"elementor-widget-container\">\n\t\t\t\t\t\t\t\t\t<div class=\"elementor-button-wrapper\">\n\t\t\t\t\t<a class=\"elementor-button elementor-size-sm\" role=\"button\">\n\t\t\t\t\t\t<span class=\"elementor-button-content-wrapper\">\n\t\t\t\t\t\t\t\t\t<span class=\"elementor-button-text\">Contacto<\/span>\n\t\t\t\t\t<\/span>\n\t\t\t\t\t<\/a>\n\t\t\t\t<\/div>\n\t\t\t\t\t\t\t\t<\/div>\n\t\t\t\t<\/div>\n\t\t\t\t<\/div>\n\t\t<div class=\"elementor-element elementor-element-56906f1 e-con-full e-flex e-con e-child\" data-id=\"56906f1\" data-element_type=\"container\">\n\t\t\t\t<div class=\"elementor-element elementor-element-1a028158 ui-e-icon-right elementor-widget__width-inherit ui-e-left elementor-align-left elementor-invisible elementor-widget elementor-widget-uicore-icon-list\" data-id=\"1a028158\" data-element_type=\"widget\" data-settings=\"{&quot;_animation_delay&quot;:&quot;300&quot;,&quot;_animation&quot;:&quot;fadeInUp&quot;}\" data-widget_type=\"uicore-icon-list.default\">\n\t\t\t\t<div class=\"elementor-widget-container\">\n\t\t\t\t\t            <ul>\n                                        <li >\n\n                            <a class='ui-e-wrap' href=\"#\">\n                                \n                                \n                                <div class=\"ui-e-content\">\n                                    <h3 class=\"ui-e-title\">\n                                        Adornos met\u00e1licos de precisi\u00f3n                                    <\/h3>\n                                    <p class=\"ui-e-text\"> Fabricamos adornos met\u00e1licos para calzado con altos est\u00e1ndares de precisi\u00f3n y calidad. <\/p>\n                                <\/div>\n\n                                                                    <div class=\"ui-e-icon\">\n                                        <i aria-hidden=\"true\" class=\"ti ti-arrow-right\"><\/i>                                    <\/div>\n                                \n                            <\/a>\n                        <\/li>\n                                            <li >\n\n                            <a class='ui-e-wrap' href=\"#\">\n                                \n                                \n                                <div class=\"ui-e-content\">\n                                    <h3 class=\"ui-e-title\">\n                                        Hebillas y pasadores de dise\u00f1o                                    <\/h3>\n                                    <p class=\"ui-e-text\"> Dise\u00f1amos hebillas, pasadores y cierres decorativos pensados para aportar valor visual y funcional al calzado. <\/p>\n                                <\/div>\n\n                                                                    <div class=\"ui-e-icon\">\n                                        <i aria-hidden=\"true\" class=\"ti ti-arrow-right\"><\/i>                                    <\/div>\n                                \n                            <\/a>\n                        <\/li>\n                                <\/ul>\n        \t\t\t\t<\/div>\n\t\t\t\t<\/div>\n\t\t\t\t<div class=\"elementor-element elementor-element-1b26f36b ui-e-icon-right elementor-widget__width-inherit ui-e-left elementor-align-left elementor-invisible elementor-widget elementor-widget-uicore-icon-list\" data-id=\"1b26f36b\" data-element_type=\"widget\" data-settings=\"{&quot;_animation_delay&quot;:&quot;300&quot;,&quot;_animation&quot;:&quot;fadeInUp&quot;}\" data-widget_type=\"uicore-icon-list.default\">\n\t\t\t\t<div class=\"elementor-widget-container\">\n\t\t\t\t\t            <ul>\n                                        <li >\n\n                            <a class='ui-e-wrap' href=\"#\">\n                                \n                                \n                                <div class=\"ui-e-content\">\n                                    <h3 class=\"ui-e-title\">\n                                        Componentes personalizados                                     <\/h3>\n                                    <p class=\"ui-e-text\"> Desarrollamos componentes \u00fanicos que se integren perfectamente en su l\u00ednea de producci\u00f3n y est\u00e9tica de marca. <\/p>\n                                <\/div>\n\n                                                                    <div class=\"ui-e-icon\">\n                                        <i aria-hidden=\"true\" class=\"ti ti-arrow-right\"><\/i>                                    <\/div>\n                                \n                            <\/a>\n                        <\/li>\n                                            <li >\n\n                            <a class='ui-e-wrap' href=\"#\">\n                                \n                                \n                                <div class=\"ui-e-content\">\n                                    <h3 class=\"ui-e-title\">\n                                        Aplicaciones t\u00e9cnicas y decorativas adaptadas al proceso de fabricaci\u00f3n                                    <\/h3>\n                                    <p class=\"ui-e-text\"> Desarrollamos apliques y adornos t\u00e9cnicos pensados para integrarse sin complicaciones en el proceso de fabricaci\u00f3n del calzado. <\/p>\n                                <\/div>\n\n                                                                    <div class=\"ui-e-icon\">\n                                        <i aria-hidden=\"true\" class=\"ti ti-arrow-right\"><\/i>                                    <\/div>\n                                \n                            <\/a>\n                        <\/li>\n                                <\/ul>\n        \t\t\t\t<\/div>\n\t\t\t\t<\/div>\n\t\t\t\t<\/div>\n\t\t\t\t\t<\/div>\n\t\t\t\t<\/div>\n\t\t<div class=\"elementor-element elementor-element-5366854b e-flex e-con-boxed e-con e-parent\" data-id=\"5366854b\" data-element_type=\"container\" data-settings=\"{&quot;background_background&quot;:&quot;classic&quot;}\">\n\t\t\t\t\t<div class=\"e-con-inner\">\n\t\t<div class=\"elementor-element elementor-element-174a91b6 e-con-full e-flex e-con e-child\" data-id=\"174a91b6\" data-element_type=\"container\">\n\t\t\t\t<div class=\"elementor-element elementor-element-109aeb96  ui-split-animate elementor-widget__width-initial elementor-widget-mobile__width-inherit ui-splitby-chars elementor-widget elementor-widget-heading\" data-id=\"109aeb96\" data-element_type=\"widget\" data-settings=\"{&quot;ui_animate_split&quot;:&quot;ui-split-animate&quot;,&quot;ui_animate_split_style&quot;:&quot;fadeIn&quot;,&quot;ui_animate_split_by&quot;:&quot;chars&quot;}\" data-widget_type=\"heading.default\">\n\t\t\t\t<div class=\"elementor-widget-container\">\n\t\t\t\t\t<h2 class=\"elementor-heading-title elementor-size-default\">Cada pieza<\/h2>\t\t\t\t<\/div>\n\t\t\t\t<\/div>\n\t\t<div class=\"elementor-element elementor-element-3325b385 e-con-full e-flex e-con e-child\" data-id=\"3325b385\" data-element_type=\"container\">\n\t\t\t\t<div class=\"elementor-element elementor-element-11a3c5f elementor-widget elementor-widget-text-editor\" data-id=\"11a3c5f\" data-element_type=\"widget\" data-widget_type=\"text-editor.default\">\n\t\t\t\t<div class=\"elementor-widget-container\">\n\t\t\t\t\t\t\t\t\t<p>es el resultado de un proceso cuidadoso, donde la innovaci\u00f3n y la calidad se encuentran para crear valor real para nuestros clientes.<\/p>\t\t\t\t\t\t\t\t<\/div>\n\t\t\t\t<\/div>\n\t\t\t\t<\/div>\n\t\t\t\t<\/div>\n\t\t\t\t\t<\/div>\n\t\t\t\t<\/div>\n\t\t\t\t<\/div>\n\t\t","protected":false},"excerpt":{"rendered":"<p>Innovaci\u00f3n Precisi\u00f3n + Dise\u00f1o Adornos del Valle es una empresa especializada en el desarrollo de componentes y adornos para calzado, con m\u00e1s [&hellip;]<\/p>\n","protected":false},"author":2,"featured_media":0,"parent":0,"menu_order":0,"comment_status":"closed","ping_status":"closed","template":"","meta":{"footnotes":""},"class_list":["post-92","page","type-page","status-publish","hentry"],"_links":{"self":[{"href":"https:\/\/adornosdelvalle.com\/index.php\/wp-json\/wp\/v2\/pages\/92","targetHints":{"allow":["GET"]}}],"collection":[{"href":"https:\/\/adornosdelvalle.com\/index.php\/wp-json\/wp\/v2\/pages"}],"about":[{"href":"https:\/\/adornosdelvalle.com\/index.php\/wp-json\/wp\/v2\/types\/page"}],"author":[{"embeddable":true,"href":"https:\/\/adornosdelvalle.com\/index.php\/wp-json\/wp\/v2\/users\/2"}],"replies":[{"embeddable":true,"href":"https:\/\/adornosdelvalle.com\/index.php\/wp-json\/wp\/v2\/comments?post=92"}],"version-history":[{"count":5,"href":"https:\/\/adornosdelvalle.com\/index.php\/wp-json\/wp\/v2\/pages\/92\/revisions"}],"predecessor-version":[{"id":104,"href":"https:\/\/adornosdelvalle.com\/index.php\/wp-json\/wp\/v2\/pages\/92\/revisions\/104"}],"wp:attachment":[{"href":"https:\/\/adornosdelvalle.com\/index.php\/wp-json\/wp\/v2\/media?parent=92"}],"curies":[{"name":"wp","href":"https:\/\/api.w.org\/{rel}","templated":true}]}}