{"id":3,"date":"2025-04-11T09:51:19","date_gmt":"2025-04-11T09:51:19","guid":{"rendered":"https:\/\/adornosdelvalle.com\/?page_id=3"},"modified":"2025-04-18T09:35:03","modified_gmt":"2025-04-18T09:35:03","slug":"politica-privacidad","status":"publish","type":"page","link":"https:\/\/adornosdelvalle.com\/index.php\/politica-privacidad\/","title":{"rendered":"Pol\u00edtica de privacidad"},"content":{"rendered":"\t\t<div data-elementor-type=\"wp-page\" data-elementor-id=\"3\" class=\"elementor elementor-3\" data-elementor-settings=\"{&quot;element_pack_global_tooltip_width&quot;:{&quot;unit&quot;:&quot;px&quot;,&quot;size&quot;:&quot;&quot;,&quot;sizes&quot;:[]},&quot;element_pack_global_tooltip_width_tablet&quot;:{&quot;unit&quot;:&quot;px&quot;,&quot;size&quot;:&quot;&quot;,&quot;sizes&quot;:[]},&quot;element_pack_global_tooltip_width_mobile&quot;:{&quot;unit&quot;:&quot;px&quot;,&quot;size&quot;:&quot;&quot;,&quot;sizes&quot;:[]},&quot;element_pack_global_tooltip_padding&quot;:{&quot;unit&quot;:&quot;px&quot;,&quot;top&quot;:&quot;&quot;,&quot;right&quot;:&quot;&quot;,&quot;bottom&quot;:&quot;&quot;,&quot;left&quot;:&quot;&quot;,&quot;isLinked&quot;:true},&quot;element_pack_global_tooltip_padding_tablet&quot;:{&quot;unit&quot;:&quot;px&quot;,&quot;top&quot;:&quot;&quot;,&quot;right&quot;:&quot;&quot;,&quot;bottom&quot;:&quot;&quot;,&quot;left&quot;:&quot;&quot;,&quot;isLinked&quot;:true},&quot;element_pack_global_tooltip_padding_mobile&quot;:{&quot;unit&quot;:&quot;px&quot;,&quot;top&quot;:&quot;&quot;,&quot;right&quot;:&quot;&quot;,&quot;bottom&quot;:&quot;&quot;,&quot;left&quot;:&quot;&quot;,&quot;isLinked&quot;:true},&quot;element_pack_global_tooltip_border_radius&quot;:{&quot;unit&quot;:&quot;px&quot;,&quot;top&quot;:&quot;&quot;,&quot;right&quot;:&quot;&quot;,&quot;bottom&quot;:&quot;&quot;,&quot;left&quot;:&quot;&quot;,&quot;isLinked&quot;:true},&quot;element_pack_global_tooltip_border_radius_tablet&quot;:{&quot;unit&quot;:&quot;px&quot;,&quot;top&quot;:&quot;&quot;,&quot;right&quot;:&quot;&quot;,&quot;bottom&quot;:&quot;&quot;,&quot;left&quot;:&quot;&quot;,&quot;isLinked&quot;:true},&quot;element_pack_global_tooltip_border_radius_mobile&quot;:{&quot;unit&quot;:&quot;px&quot;,&quot;top&quot;:&quot;&quot;,&quot;right&quot;:&quot;&quot;,&quot;bottom&quot;:&quot;&quot;,&quot;left&quot;:&quot;&quot;,&quot;isLinked&quot;:true}}\">\n\t\t\t\t<div class=\"elementor-element elementor-element-4c50053b e-con-full e-flex e-con e-parent\" data-id=\"4c50053b\" data-element_type=\"container\" data-settings=\"{&quot;background_background&quot;:&quot;gradient&quot;}\">\n\t\t<div class=\"elementor-element elementor-element-30138482 e-flex e-con-boxed e-con e-child\" data-id=\"30138482\" data-element_type=\"container\" data-settings=\"{&quot;background_background&quot;:&quot;classic&quot;}\">\n\t\t\t\t\t<div class=\"e-con-inner\">\n\t\t\t\t<div class=\"elementor-element elementor-element-768c966c elementor-invisible elementor-widget elementor-widget-heading\" data-id=\"768c966c\" data-element_type=\"widget\" data-settings=\"{&quot;_animation&quot;:&quot;fadeInUp&quot;,&quot;_animation_delay&quot;:&quot;200&quot;}\" data-widget_type=\"heading.default\">\n\t\t\t\t<div class=\"elementor-widget-container\">\n\t\t\t\t\t<h1 class=\"elementor-heading-title elementor-size-default\">Pol\u00edtica de privacidad<\/h1>\t\t\t\t<\/div>\n\t\t\t\t<\/div>\n\t\t\t\t<div class=\"elementor-element elementor-element-63c6536 elementor-widget-tablet__width-initial elementor-widget-mobile__width-inherit elementor-invisible elementor-widget elementor-widget-text-editor\" data-id=\"63c6536\" data-element_type=\"widget\" data-settings=\"{&quot;_animation&quot;:&quot;fadeInUp&quot;,&quot;_animation_delay&quot;:&quot;240&quot;}\" data-widget_type=\"text-editor.default\">\n\t\t\t\t<div class=\"elementor-widget-container\">\n\t\t\t\t\t\t\t\t\t<p class=\"\" data-start=\"304\" data-end=\"347\"><strong data-start=\"304\" data-end=\"347\">1. Responsable del tratamiento de datos<\/strong><\/p>\n<ul data-start=\"349\" data-end=\"536\">\n<li class=\"\" data-start=\"349\" data-end=\"395\">\n<p class=\"\" data-start=\"351\" data-end=\"395\"><strong data-start=\"351\" data-end=\"372\">Nombre comercial:<\/strong> Adornos del Valle S.L.<\/p>\n<\/li>\n<li class=\"\" data-start=\"396\" data-end=\"416\">\n<p class=\"\" data-start=\"398\" data-end=\"416\"><strong data-start=\"398\" data-end=\"406\">CIF:<\/strong> B54905997<\/p>\n<\/li>\n<li class=\"\" data-start=\"417\" data-end=\"494\">\n<p class=\"\" data-start=\"419\" data-end=\"494\"><strong data-start=\"419\" data-end=\"433\">Direcci\u00f3n:<\/strong> Calle Pintor Escriv\u00e0, 9 \u2013 A, 03610 Petrer (Alicante), Espa\u00f1a<\/p>\n<\/li>\n<li class=\"\" data-start=\"495\" data-end=\"536\">\n<p class=\"\" data-start=\"497\" data-end=\"536\"><strong data-start=\"497\" data-end=\"519\">Email de contacto:<\/strong> <a rel=\"noopener\" data-start=\"520\" data-end=\"536\">josamo@josamo.es<\/a><\/p>\n<\/li>\n<\/ul>\n<p class=\"\" data-start=\"538\" data-end=\"570\"><strong data-start=\"538\" data-end=\"570\">2. Finalidad del tratamiento<\/strong><\/p>\n<p class=\"\" data-start=\"572\" data-end=\"681\">En <em data-start=\"575\" data-end=\"599\">Adornos del Valle S.L.<\/em> tratamos la informaci\u00f3n que nos facilitan las personas interesadas con el fin de:<\/p>\n<ul data-start=\"683\" data-end=\"1009\">\n<li class=\"\" data-start=\"683\" data-end=\"778\">\n<p class=\"\" data-start=\"685\" data-end=\"778\">Gestionar y responder a las consultas recibidas a trav\u00e9s de nuestros formularios de contacto.<\/p>\n<\/li>\n<li class=\"\" data-start=\"779\" data-end=\"915\">\n<p class=\"\" data-start=\"781\" data-end=\"915\">Enviar comunicaciones comerciales relacionadas con nuestros productos y servicios, siempre que el usuario haya dado su consentimiento.<\/p>\n<\/li>\n<li class=\"\" data-start=\"916\" data-end=\"1009\">\n<p class=\"\" data-start=\"918\" data-end=\"1009\">Gestionar las relaciones comerciales y\/o profesionales con nuestros clientes y proveedores.<\/p>\n<\/li>\n<\/ul>\n<p class=\"\" data-start=\"1011\" data-end=\"1030\"><strong data-start=\"1011\" data-end=\"1030\">3. Legitimaci\u00f3n<\/strong><\/p>\n<p class=\"\" data-start=\"1032\" data-end=\"1082\">La base legal para el tratamiento de sus datos es:<\/p>\n<ul data-start=\"1084\" data-end=\"1329\">\n<li class=\"\" data-start=\"1084\" data-end=\"1174\">\n<p class=\"\" data-start=\"1086\" data-end=\"1174\">El consentimiento del interesado al completar y enviar nuestros formularios de contacto.<\/p>\n<\/li>\n<li class=\"\" data-start=\"1175\" data-end=\"1249\">\n<p class=\"\" data-start=\"1177\" data-end=\"1249\">La ejecuci\u00f3n de un contrato o la aplicaci\u00f3n de medidas precontractuales.<\/p>\n<\/li>\n<li class=\"\" data-start=\"1250\" data-end=\"1329\">\n<p class=\"\" data-start=\"1252\" data-end=\"1329\">El cumplimiento de obligaciones legales aplicables a <em data-start=\"1305\" data-end=\"1329\">Adornos del Valle S.L.<\/em><\/p>\n<\/li>\n<\/ul>\n<p class=\"\" data-start=\"1331\" data-end=\"1351\"><strong data-start=\"1331\" data-end=\"1351\">4. Destinatarios<\/strong><\/p>\n<p class=\"\" data-start=\"1353\" data-end=\"1486\">Los datos no se ceder\u00e1n a terceros, salvo obligaci\u00f3n legal o en caso de que sea necesario para la prestaci\u00f3n del servicio solicitado.<\/p>\n<p class=\"\" data-start=\"1488\" data-end=\"1503\"><strong data-start=\"1488\" data-end=\"1503\">5. Derechos<\/strong><\/p>\n<p class=\"\" data-start=\"1505\" data-end=\"1651\">Usted tiene derecho a obtener confirmaci\u00f3n sobre si en <em data-start=\"1560\" data-end=\"1584\">Adornos del Valle S.L.<\/em> estamos tratando sus datos personales. Por tanto, tiene derecho a:<\/p>\n<ul data-start=\"1653\" data-end=\"1942\">\n<li class=\"\" data-start=\"1653\" data-end=\"1686\">\n<p class=\"\" data-start=\"1655\" data-end=\"1686\">Acceder a sus datos personales.<\/p>\n<\/li>\n<li class=\"\" data-start=\"1687\" data-end=\"1739\">\n<p class=\"\" data-start=\"1689\" data-end=\"1739\">Solicitar la rectificaci\u00f3n de los datos inexactos.<\/p>\n<\/li>\n<li class=\"\" data-start=\"1740\" data-end=\"1804\">\n<p class=\"\" data-start=\"1742\" data-end=\"1804\">Solicitar su supresi\u00f3n cuando los datos ya no sean necesarios.<\/p>\n<\/li>\n<li class=\"\" data-start=\"1805\" data-end=\"1844\">\n<p class=\"\" data-start=\"1807\" data-end=\"1844\">Oponerse al tratamiento de sus datos.<\/p>\n<\/li>\n<li class=\"\" data-start=\"1845\" data-end=\"1900\">\n<p class=\"\" data-start=\"1847\" data-end=\"1900\">Solicitar la limitaci\u00f3n del tratamiento de sus datos.<\/p>\n<\/li>\n<li class=\"\" data-start=\"1901\" data-end=\"1942\">\n<p class=\"\" data-start=\"1903\" data-end=\"1942\">Solicitar la portabilidad de sus datos.<\/p>\n<\/li>\n<\/ul>\n<p class=\"\" data-start=\"1944\" data-end=\"2046\">Para ejercer estos derechos, puede enviar una solicitud a nuestro correo electr\u00f3nico: <a rel=\"noopener\" data-start=\"2030\" data-end=\"2046\">josamo@josamo.es<\/a><\/p>\n<p class=\"\" data-start=\"2048\" data-end=\"2080\"><strong data-start=\"2048\" data-end=\"2080\">6. Conservaci\u00f3n de los datos<\/strong><\/p>\n<p class=\"\" data-start=\"2082\" data-end=\"2299\">Los datos personales proporcionados se conservar\u00e1n mientras se mantenga la relaci\u00f3n comercial, no se solicite su supresi\u00f3n por el interesado y durante el plazo por el cual pudieran derivarse responsabilidades legales.<\/p>\n<p class=\"\" data-start=\"2301\" data-end=\"2330\"><strong data-start=\"2301\" data-end=\"2330\">7. Seguridad de los datos<\/strong><\/p>\n<p class=\"\" data-start=\"2332\" data-end=\"2539\">En <em data-start=\"2335\" data-end=\"2359\">Adornos del Valle S.L.<\/em> adoptamos las medidas t\u00e9cnicas y organizativas necesarias para garantizar la seguridad de los datos personales y evitar su alteraci\u00f3n, p\u00e9rdida, tratamiento o acceso no autorizado.<\/p>\t\t\t\t\t\t\t\t<\/div>\n\t\t\t\t<\/div>\n\t\t\t\t\t<\/div>\n\t\t\t\t<\/div>\n\t\t\t\t<\/div>\n\t\t\t\t<\/div>\n\t\t","protected":false},"excerpt":{"rendered":"<p>Pol\u00edtica de privacidad 1. Responsable del tratamiento de datos Nombre comercial: Adornos del Valle S.L. CIF: B54905997 Direcci\u00f3n: Calle Pintor Escriv\u00e0, 9 [&hellip;]<\/p>\n","protected":false},"author":1,"featured_media":0,"parent":0,"menu_order":0,"comment_status":"closed","ping_status":"open","template":"","meta":{"footnotes":""},"class_list":["post-3","page","type-page","status-publish","hentry"],"_links":{"self":[{"href":"https:\/\/adornosdelvalle.com\/index.php\/wp-json\/wp\/v2\/pages\/3","targetHints":{"allow":["GET"]}}],"collection":[{"href":"https:\/\/adornosdelvalle.com\/index.php\/wp-json\/wp\/v2\/pages"}],"about":[{"href":"https:\/\/adornosdelvalle.com\/index.php\/wp-json\/wp\/v2\/types\/page"}],"author":[{"embeddable":true,"href":"https:\/\/adornosdelvalle.com\/index.php\/wp-json\/wp\/v2\/users\/1"}],"replies":[{"embeddable":true,"href":"https:\/\/adornosdelvalle.com\/index.php\/wp-json\/wp\/v2\/comments?post=3"}],"version-history":[{"count":7,"href":"https:\/\/adornosdelvalle.com\/index.php\/wp-json\/wp\/v2\/pages\/3\/revisions"}],"predecessor-version":[{"id":131,"href":"https:\/\/adornosdelvalle.com\/index.php\/wp-json\/wp\/v2\/pages\/3\/revisions\/131"}],"wp:attachment":[{"href":"https:\/\/adornosdelvalle.com\/index.php\/wp-json\/wp\/v2\/media?parent=3"}],"curies":[{"name":"wp","href":"https:\/\/api.w.org\/{rel}","templated":true}]}}